{"version":"1.0","provider_name":"Stella Vorarlberg","provider_url":"https:\/\/stella-musikhochschule.ac.at\/en","author_name":"Victor Marin","author_url":"https:\/\/stella-musikhochschule.ac.at\/en\/author\/57a6baf9f34cdf4f","title":"Aphasie Chor Vorarlberg - Stella Vorarlberg","type":"rich","width":600,"height":338,"html":"<blockquote class=\"wp-embedded-content\" data-secret=\"kGvkMhuxCB\"><a href=\"https:\/\/stella-musikhochschule.ac.at\/en\/veranstaltung\/aphasie-chor-vorarlberg-2\">Aphasie Chor Vorarlberg<\/a><\/blockquote><iframe sandbox=\"allow-scripts\" security=\"restricted\" src=\"https:\/\/stella-musikhochschule.ac.at\/en\/veranstaltung\/aphasie-chor-vorarlberg-2\/embed#?secret=kGvkMhuxCB\" width=\"600\" height=\"338\" title=\"&#8220;Aphasie Chor Vorarlberg&#8221; &#8212; Stella Vorarlberg\" data-secret=\"kGvkMhuxCB\" frameborder=\"0\" marginwidth=\"0\" marginheight=\"0\" scrolling=\"no\" class=\"wp-embedded-content\"><\/iframe><script type=\"text\/javascript\">\n\/* <![CDATA[ *\/\n\/*! This file is auto-generated *\/\n!function(d,l){\"use strict\";l.querySelector&&d.addEventListener&&\"undefined\"!=typeof URL&&(d.wp=d.wp||{},d.wp.receiveEmbedMessage||(d.wp.receiveEmbedMessage=function(e){var t=e.data;if((t||t.secret||t.message||t.value)&&!\/[^a-zA-Z0-9]\/.test(t.secret)){for(var s,r,n,a=l.querySelectorAll('iframe[data-secret=\"'+t.secret+'\"]'),o=l.querySelectorAll('blockquote[data-secret=\"'+t.secret+'\"]'),c=new RegExp(\"^https?:$\",\"i\"),i=0;i<o.length;i++)o[i].style.display=\"none\";for(i=0;i<a.length;i++)s=a[i],e.source===s.contentWindow&&(s.removeAttribute(\"style\"),\"height\"===t.message?(1e3<(r=parseInt(t.value,10))?r=1e3:~~r<200&&(r=200),s.height=r):\"link\"===t.message&&(r=new URL(s.getAttribute(\"src\")),n=new URL(t.value),c.test(n.protocol))&&n.host===r.host&&l.activeElement===s&&(d.top.location.href=t.value))}},d.addEventListener(\"message\",d.wp.receiveEmbedMessage,!1),l.addEventListener(\"DOMContentLoaded\",function(){for(var e,t,s=l.querySelectorAll(\"iframe.wp-embedded-content\"),r=0;r<s.length;r++)(t=(e=s[r]).getAttribute(\"data-secret\"))||(t=Math.random().toString(36).substring(2,12),e.src+=\"#?secret=\"+t,e.setAttribute(\"data-secret\",t)),e.contentWindow.postMessage({message:\"ready\",secret:t},\"*\")},!1)))}(window,document);\n\/\/# sourceURL=https:\/\/stella-musikhochschule.ac.at\/wp-includes\/js\/wp-embed.min.js\n\/* ]]> *\/\n<\/script>\n","description":"Musikalische Leitung: Evelyn Fink-MennelE&#8211;Mail: evelyn.finkmennel@stella-musikhochschule.ac.at Aphasie Vorarlberg\u201eEine Sprachbehinderung nach erworbener Hirnsch\u00e4digung\u201cSelbsthilfegruppe f\u00fcr Betroffene eines Schlaganfalls. Die Freude am Singen! Alle S\u00e4ngerinnen und S\u00e4nger in diesem Chor haben die Sprache ganz oder teilweise durch einen Hirnschlag, Tumor oder Unfall verloren. Singen k\u00f6nnen sie aber trotzdem und das wird bei uns mit regelm\u00e4\u00dfigen Gesangsproben gef\u00f6rdert. Indem wir [&hellip;]"}

Musikalische Leitung: Evelyn Fink-MennelE&#8211;Mail: evelyn.finkmennel@stella-musikhochschule.ac.at Aphasie Vorarlberg„Eine Sprachbehinderung nach erworbener Hirnschädigung“Selbsthilfegruppe für Betroffene eines Schlaganfalls. Die Freude am Singen! Alle Sängerinnen und Sänger in diesem Chor haben die Sprache ganz oder teilweise durch einen Hirnschlag, Tumor oder Unfall verloren. Singen können sie aber trotzdem und das wird bei uns mit regelmäßigen Gesangsproben gefördert. Indem wir [&hellip;]
