{"version":"1.0","provider_name":"Stella Vorarlberg","provider_url":"https:\/\/stella-musikhochschule.ac.at\/en","author_name":"Victor Marin","author_url":"https:\/\/stella-musikhochschule.ac.at\/en\/author\/57a6baf9f34cdf4f","title":"Meisterkurs Gitarre mit Prof.in Antigoni Goni - Stella Vorarlberg","type":"rich","width":600,"height":338,"html":"<blockquote class=\"wp-embedded-content\" data-secret=\"5y5x5kl3L0\"><a href=\"https:\/\/stella-musikhochschule.ac.at\/en\/test\">Meisterkurs Gitarre mit Prof.in Antigoni Goni<\/a><\/blockquote><iframe sandbox=\"allow-scripts\" security=\"restricted\" src=\"https:\/\/stella-musikhochschule.ac.at\/en\/test\/embed#?secret=5y5x5kl3L0\" width=\"600\" height=\"338\" title=\"&#8220;Meisterkurs Gitarre mit Prof.in Antigoni Goni&#8221; &#8212; Stella Vorarlberg\" data-secret=\"5y5x5kl3L0\" frameborder=\"0\" marginwidth=\"0\" marginheight=\"0\" scrolling=\"no\" class=\"wp-embedded-content\"><\/iframe><script type=\"text\/javascript\">\n\/* <![CDATA[ *\/\n\/*! This file is auto-generated *\/\n!function(d,l){\"use strict\";l.querySelector&&d.addEventListener&&\"undefined\"!=typeof URL&&(d.wp=d.wp||{},d.wp.receiveEmbedMessage||(d.wp.receiveEmbedMessage=function(e){var t=e.data;if((t||t.secret||t.message||t.value)&&!\/[^a-zA-Z0-9]\/.test(t.secret)){for(var s,r,n,a=l.querySelectorAll('iframe[data-secret=\"'+t.secret+'\"]'),o=l.querySelectorAll('blockquote[data-secret=\"'+t.secret+'\"]'),c=new RegExp(\"^https?:$\",\"i\"),i=0;i<o.length;i++)o[i].style.display=\"none\";for(i=0;i<a.length;i++)s=a[i],e.source===s.contentWindow&&(s.removeAttribute(\"style\"),\"height\"===t.message?(1e3<(r=parseInt(t.value,10))?r=1e3:~~r<200&&(r=200),s.height=r):\"link\"===t.message&&(r=new URL(s.getAttribute(\"src\")),n=new URL(t.value),c.test(n.protocol))&&n.host===r.host&&l.activeElement===s&&(d.top.location.href=t.value))}},d.addEventListener(\"message\",d.wp.receiveEmbedMessage,!1),l.addEventListener(\"DOMContentLoaded\",function(){for(var e,t,s=l.querySelectorAll(\"iframe.wp-embedded-content\"),r=0;r<s.length;r++)(t=(e=s[r]).getAttribute(\"data-secret\"))||(t=Math.random().toString(36).substring(2,12),e.src+=\"#?secret=\"+t,e.setAttribute(\"data-secret\",t)),e.contentWindow.postMessage({message:\"ready\",secret:t},\"*\")},!1)))}(window,document);\n\/\/# sourceURL=https:\/\/stella-musikhochschule.ac.at\/wp-includes\/js\/wp-embed.min.js\n\/* ]]> *\/\n<\/script>\n","thumbnail_url":"https:\/\/stella-musikhochschule.ac.at\/wp-content\/uploads\/2026\/04\/Vorlage-News-Erasmus-Kopie.jpg","thumbnail_width":944,"thumbnail_height":710,"description":"Eine der renommiertesten Gitarrist*innen weltweit \u2013 t\u00e4tig am Royal Conservatoire in Br\u00fcssel und zu Gast von der Erasmus Brussels University of Applied Sciences and Arts, Br\u00fcssel. 12. \u2013 15. Mai 202612. Mai, 15 \u2013 18 Uhr (Kleiner Saal)13. Mai, 11.30 \u2013 13 Uhr und 15-18 Uhr (Kleiner Saal)14. Mai, 10-13 Uhr (Kleiner Saal)15. Mai, 10-13 [&hellip;]"}

Eine der renommiertesten Gitarrist*innen weltweit – tätig am Royal Conservatoire in Brüssel und zu Gast von der Erasmus Brussels University of Applied Sciences and Arts, Brüssel. 12. – 15. Mai 202612. Mai, 15 – 18 Uhr (Kleiner Saal)13. Mai, 11.30 – 13 Uhr und 15-18 Uhr (Kleiner Saal)14. Mai, 10-13 Uhr (Kleiner Saal)15. Mai, 10-13 [&hellip;]
