{"version":"1.0","provider_name":"Stella Vorarlberg","provider_url":"https:\/\/stella-musikhochschule.ac.at\/en","author_name":"Victor Marin","author_url":"https:\/\/stella-musikhochschule.ac.at\/en\/author\/57a6baf9f34cdf4f","title":"68. Generalversammlung in Krems an der Donau - Stella Vorarlberg","type":"rich","width":600,"height":338,"html":"<blockquote class=\"wp-embedded-content\" data-secret=\"avv3ZFQ4lP\"><a href=\"https:\/\/stella-musikhochschule.ac.at\/en\/68-generalversammlung-in-krems-an-der-donau\">68. Generalversammlung in Krems an der Donau<\/a><\/blockquote><iframe sandbox=\"allow-scripts\" security=\"restricted\" src=\"https:\/\/stella-musikhochschule.ac.at\/en\/68-generalversammlung-in-krems-an-der-donau\/embed#?secret=avv3ZFQ4lP\" width=\"600\" height=\"338\" title=\"&#8220;68. Generalversammlung in Krems an der Donau&#8221; &#8212; Stella Vorarlberg\" data-secret=\"avv3ZFQ4lP\" frameborder=\"0\" marginwidth=\"0\" marginheight=\"0\" scrolling=\"no\" class=\"wp-embedded-content\"><\/iframe><script type=\"text\/javascript\">\n\/* <![CDATA[ *\/\n\/*! This file is auto-generated *\/\n!function(d,l){\"use strict\";l.querySelector&&d.addEventListener&&\"undefined\"!=typeof URL&&(d.wp=d.wp||{},d.wp.receiveEmbedMessage||(d.wp.receiveEmbedMessage=function(e){var t=e.data;if((t||t.secret||t.message||t.value)&&!\/[^a-zA-Z0-9]\/.test(t.secret)){for(var s,r,n,a=l.querySelectorAll('iframe[data-secret=\"'+t.secret+'\"]'),o=l.querySelectorAll('blockquote[data-secret=\"'+t.secret+'\"]'),c=new RegExp(\"^https?:$\",\"i\"),i=0;i<o.length;i++)o[i].style.display=\"none\";for(i=0;i<a.length;i++)s=a[i],e.source===s.contentWindow&&(s.removeAttribute(\"style\"),\"height\"===t.message?(1e3<(r=parseInt(t.value,10))?r=1e3:~~r<200&&(r=200),s.height=r):\"link\"===t.message&&(r=new URL(s.getAttribute(\"src\")),n=new URL(t.value),c.test(n.protocol))&&n.host===r.host&&l.activeElement===s&&(d.top.location.href=t.value))}},d.addEventListener(\"message\",d.wp.receiveEmbedMessage,!1),l.addEventListener(\"DOMContentLoaded\",function(){for(var e,t,s=l.querySelectorAll(\"iframe.wp-embedded-content\"),r=0;r<s.length;r++)(t=(e=s[r]).getAttribute(\"data-secret\"))||(t=Math.random().toString(36).substring(2,12),e.src+=\"#?secret=\"+t,e.setAttribute(\"data-secret\",t)),e.contentWindow.postMessage({message:\"ready\",secret:t},\"*\")},!1)))}(window,document);\n\/\/# sourceURL=https:\/\/stella-musikhochschule.ac.at\/wp-includes\/js\/wp-embed.min.js\n\/* ]]> *\/\n<\/script>\n","description":"Die Herbstsitzung der \u00d6PUK-Rektorate fand diesmal in den Weinbergen des Weltkulturerbes Wachau an der Karl Landsteiner Privatuniversit\u00e4t f\u00fcr Gesundheitswissenschaften statt. Erstmals dabei war der neue Rektor der NDU St. P\u00f6lten, Christoph Wech, als neues Vorstandsmitglied wurde Birgit Lusser, UMIT, zur Schriftf\u00fchrerin gew\u00e4hlt. Die Mitglieder befassten sich in ihrem Treffen unter anderem mit Themen der strategischen [&hellip;]","thumbnail_url":"https:\/\/stella-musikhochschule.ac.at\/wp-content\/uploads\/2025\/09\/OePUK_68._GV_KL_Krems_2-1-edited-scaled.jpeg","thumbnail_width":2560,"thumbnail_height":1440}

Die Herbstsitzung der ÖPUK-Rektorate fand diesmal in den Weinbergen des Weltkulturerbes Wachau an der Karl Landsteiner Privatuniversität für Gesundheitswissenschaften statt. Erstmals dabei war der neue Rektor der NDU St. Pölten, Christoph Wech, als neues Vorstandsmitglied wurde Birgit Lusser, UMIT, zur Schriftführerin gewählt. Die Mitglieder befassten sich in ihrem Treffen unter anderem mit Themen der strategischen [&hellip;]
